/(-2) - -4. What are the prime factors of n/(3/(6/2))?
5
What are the prime factors of 131 - 0/(1 - -3)?
131
What are the prime factors of (3 - (5 + -1))/((-3)/138)?
2, 23
Let o(p) = 8*p**3 - 2*p**2 - p + 4. Let a = 5 + -1. Let g be o(a). List the prime factors of (-1)/(-7) + g/21.
23
Let x be ((-3)/2)/((-3)/200). Suppose x = 5*m - 10. List the prime factors of m.
2, 11
Suppose -4*u + 6 = -0*z - 5*z, 0 = -3*z - 2*u + 14. Suppose -f = z*f - 57. List the prime factors of f.
19
Let z = -225 + 382. What are the prime factors of z?
157
Let b(m) = m**2 - 14*m - 34. What are the prime factors of b(-8)?
2, 71
Suppose -289 = -3*z + 4*f - 99, 315 = 5*z - 5*f. What are the prime factors of z?
2, 31
Let i be 2/11 + (-126)/(-33). Suppose 2*z - 2*u = 16, 0*u = i*u. List the prime factors of z.
2
List the prime factors of ((-2)/(-6))/((-2)/(-174)).
29
Let b(j) = 6*j + 4. What are the prime factors of b(7)?
2, 23
Let m be 64/10 + 4/(-10). Suppose -l - m = -2. What are the prime factors of (l*10/4)/(-2)?
5
Suppose 0*k = -3*w - 4*k + 691, -16 = -4*k. What are the prime factors of w?
3, 5
Let l(j) be the second derivative of -22*j**3/3 + j**2/2 - 8*j. What are the prime factors of l(-1)?
3, 5
Let l(g) = 2*g**2 - 2. Suppose 0 = 3*j - 14 + 2. Suppose -2*b + 12 = 3*i - 2, j*i = 4*b - 8. List the prime factors of l(i).
2, 3
Suppose 12*f = 8*f. Suppose f = -3*t - t + 52. List the prime factors of t.
13
Let q be (2/(-5))/(2/(-120)). Let x = q - 7. What are the prime factors of x?
17
Let c(a) = 3*a - 28. What are the prime factors of c(14)?
2, 7
Suppose -2 = -m + 9. Let j = -1 + m. Let y = 19 - j. What are the prime factors of y?
3
Suppose 3*k - 30 = 3*p, 4*p - p - 9 = 0. Let q(v) = -v**3 - 7*v**2 - v - 4. Let d be q(-7). Suppose l - k = d. What are the prime factors of l?
2
Let a(v) = 6 + 0*v - 9*v + 0 + v**2 + 7*v. List the prime factors of a(4).
2, 7
List the prime factors of 57/9*84/7.
2, 19
Suppose 2*p = -16 + 242. What are the prime factors of p?
113
Let o = 6 - -19. What are the prime factors of o?
5
Let b(w) = 3*w**2 + 3*w + 4. Let r be b(-3). Let p = r + 4. Let m = p + -18. List the prime factors of m.
2
What are the prime factors of ((63801/36)/17)/(3/8)?
2, 139
Let p = 15 - 16. List the prime factors of 30 - p*(-6)/3.
2, 7
Let m = 8 - 4. Suppose -2*w + 2*u - 84 = 32, 2*w = -m*u - 104. Let x = -38 - w. List the prime factors of x.
2, 3
Suppose 268 = 5*i - 117. What are the prime factors of i?
7, 11
Let g be 6/15 - (-18)/5. Suppose c + g*c = 145. What are the prime factors of c?
29
Let a(c) = -c**2 + 8*c - 4. Let r be (-2 + 1)/((-1)/7). Let q be a(r). Suppose 3*l = l + q*d + 11, d - 5 = 0. What are the prime factors of l?
13
Let w = -73 - -124. What are the prime factors of w?
3, 17
Let c(q) = q**3 - 9*q**2 - q + 7. Let g be c(9). Let n = g - -14. What are the prime factors of (n/10)/(8/60)?
3
Let b be (-2)/11 - 1002/(-66). Let s = b - 10. List the prime factors of s.
5
Suppose 5*j + 6*m - 394 = 2*m, -2*j + 3*m + 153 = 0. Let y = j + -42. List the prime factors of 2*-1 - y/(-3).
2, 5
Suppose 4*s - x - 514 = -0*s, -s - 3*x + 122 = 0. What are the prime factors of s?
2
Suppose 4*i + 0*f - f - 57 = 0, -2*f - 49 = -3*i. List the prime factors of i.
13
Suppose -3*g + 469 = 4*u, -u = g - 5*u - 167. List the prime factors of g.
3, 53
Let c(q) = -2*q + 36. List the prime factors of c(0).
2, 3
Let t be -8*2/(-8)*3. Suppose 4*i = -q - 3 + 10, -5*q = 4*i - 3. List the prime factors of (12/(-9))/(q/t).
2
Let j be (-42)/3 - (-3 - 0). Let f = j + 24. What are the prime factors of f?
13
Suppose 0 = -3*x + 186 - 54. Suppose -4*f = -0*d + 5*d - 11, 5*f + 17 = 4*d. Suppose -3*m - 4*v = -x, -5*m - 7*v + d*v + 68 = 0. List the prime factors of m.
2, 3
Let p be -1*58*(-1)/2. Let v = p + 22. List the prime factors of v.
3, 17
Let z = -164 + 398. What are the prime factors of z?
2, 3, 13
Let k(u) = u + 10. Let g be k(-7). Suppose -g*p + 5*p = 26. What are the prime factors of p?
13
Let l = 145 + -28. List the prime factors of l.
3, 13
Let r(t) = 2*t**2 + 3*t. Let q be r(-2). Let w(f) = 2*f**2 - f - 1. Let p be w(q). Suppose 11 = 2*j + u, -3*j = 5*u - 1 - p. What are the prime factors of j?
7
List the prime factors of -2 + 1 + 0 + 12.
11
What are the prime factors of 2/4 - 372/(-8)?
47
Suppose -5*y + 6 = -2*h, -y - h = -2*h. Let w be y/(-3) - 16/(-6). Suppose -w*x - 46 = -5*n, 0*x + 4*x = -3*n + 38. List the prime factors of n.
2, 5
Suppose -z = 2*z - 54. Let g = -13 + z. Let h(n) = -n**2 + 8*n - 7. What are the prime factors of h(g)?
2
Let i(z) = -z - 5. Let x be i(-7). Suppose 0 = u - 3 - 3. Suppose -x*c + u = -0. What are the prime factors of c?
3
Let c(u) = u**2 - 9*u - 4. Let z be c(10). List the prime factors of z - (-3 - (-3 - 3)).
3
Let i(z) = z**2 + 6*z + 5. Let y = 8 - 14. List the prime factors of i(y).
5
Let w = 8 - 17. Let n(p) = -p - 7. What are the prime factors of n(w)?
2
Let f(p) = 6*p - 8. Let u be f(6). Suppose -m + u = m. List the prime factors of m.
2, 7
Let n(k) = k - 12. Let u be n(17). Let y(w) = 0*w + 1 - 2 + w. What are the prime factors of y(u)?
2
Let j(g) = g**3 + 8*g**2 + 5*g - 4. Let w be j(-7). Suppose q = w + 17. What are the prime factors of q?
3
Let u(x) = x**3 - 4*x**2 + 12*x - 6. List the prime factors of u(3).
3, 7
What are the prime factors of (470 + 1)*1/3?
157
Suppose -3*c = 2*k - 5, 3*k = 5*c - 0*c - 2. Let s be -3 - -2 - (-70)/c. Suppose 5*y - s - 11 = 0. What are the prime factors of y?
2
Suppose 4*y + 20 = 2*y. List the prime factors of 24/(-20)*y/3.
2
Let w(d) = -d**3 - 4*d**2 + 5*d - 1. Let a be w(-5). Let n be -4*(-2 + a/2). Suppose -43 = -3*i - n. List the prime factors of i.
11
Let l = 107 + 19. What are the prime factors of l?
2, 3, 7
Let u(j) = 2 + 0 - j**2 + 0 + 3*j. Let r be u(4). List the prime factors of (2 - 1)*6 - r.
2
Suppose -124 - 6 = -5*o. What are the prime factors of o?
2, 13
Suppose v + 2*x - 25 = 0, v + 3*x - 55 = -v. Let i = v + -19. Suppose u - i + 4 = 0. List the prime factors of u.
2, 3
Let h(t) = 3*t - 12. What are the prime factors of h(5)?
3
Suppose m = -4*z + 605, m = -2*z + 340 - 37. List the prime factors of z.
151
Suppose 34 = 5*v + 5*a - 6, -5*v = -5*a + 10. Suppose 5*x = -j + 6, -3*x + v = -j + 17. List the prime factors of j.
11
Let l be 7*1*6/7. Suppose p = l*p + 10. List the prime factors of (2 + -4)*(1 + p).
2
Suppose 5*n + 15 = 5*z, n + 0*z - 12 = -2*z. Suppose -1 + n = x + 2*s, 26 = 2*x - 2*s. Suppose -2 = h - x. What are the prime factors of h?
7
Suppose 0*g = -3*n - 2*g - 1, 0 = 3*g + 15. Suppose -p + n*p = 94. List the prime factors of p.
47
Let l = -63 - -92. List the prime factors of l.
29
Let j(s) = -s**3 + 11*s**2 - 4*s. What are the prime factors of j(7)?
2, 3, 7
Let m(l) = -2*l. Let n be m(1). Let d(w) = w**2 - w - 1. Let v be d(n). Let c = v + -1. List the prime factors of c.
2
Suppose 3*r + 164 = t + r, -3*t + 506 = r. List the prime factors of t.
2, 3, 7
Let v(w) = w**2 + 2*w - 8. Let q be v(-4). Suppose -4*z + 8*z - 40 = q. What are the prime factors of z?
2, 5
Let j(f) = -12*f + 3. Let v(u) = -13*u + 2. Let y(p) = 3*j(p) - 4*v(p). What are the prime factors of y(1)?
17
Let f = 470 + -277. List the prime factors of f.
193
What are the prime factors of 38/((-2)/(-2)) - 4?
2, 17
Let p be (-4)/(-6)*(-7 - -4). Let y = 4 + p. List the prime factors of y.
2
Let f be 30/4*(-28)/35. Let i(j) = 2*j**2 + 5*j. List the prime factors of i(f).
2, 3, 7
Suppose 0 = l - 9*l + 624. List the prime factors of l.
2, 3, 13
Let t be (-2 - (-6 - -4))/(-2). Let d(f) = -f**2 - f + 17. List the prime factors of d(t).
17
Suppose 0 = j + k - 295, 3*j - 3*k - k = 913. What are the prime factors of j?
13, 23
Let t = 42 + -39. List the prime factors of t.
3
Let x(l) = l**2 + 3*l - 7. Let o be x(-5). Let q(h) = h + 0*h**2 + 0*h**2 - 4 + h**2. What are the prime factors of q(o)?
2
Suppose 1 = 3*p - 122. Let l = p + -22. List the prime factors of l.
19
Let r be 15/9 - 1/(-3). Let h(f) = f**3 - 2*f**2 + 3*f - 2. Let w be h(2). Suppose 0 = 2*z + 10, w*z + 33 = k + r. What are the prime factors of k?
11
Let b(l) = 4*l + 3. Let v be b(3). Let u(a) = -a**3 - 7*a**2 - 4*a + 2. Let w be u(-6). Let n = w + v. What are the prime factors of n?
5
Suppose 1 = -m - 3. List the prime factors of (1 - m)*133/35.
19
What are the prim